1 = 2*p, 6*p = 4*p - x*z - 9. Give r(p).
-1
Let l(h) = h - 19. Let p be -6 - 6/12*-16. Suppose t + p = -2*q + 28, -6 = -q - 4*t. Calculate l(q).
-5
Suppose -5*o = 3*d - 67, -5*o + 24 = -o - 5*d. Let p(t) = 3*t**2 + 8*t - 5. Let f(u) = 11*u**2 + 33*u - 20. Let k(a) = 4*f(a) - 15*p(a). Calculate k(o).
6
Let g(m) = 27*m - 57. Suppose 4*k - 35 - 10 = -x, 4*k - 27 = x. Calculate g(x).
186
Suppose 52*c + 304 = 460. Let q(y) be the second derivative of 4*y + 1/3*y**c + 1/20*y**5 + 1/2*y**2 + 0 + 5/12*y**4. Calculate q(-2).
9
Let k be 120/(-16)*2*-3. Suppose 0 = 5*n - 3*j + 5*j + 86, 3*n = j - k. Let v(w) = w**3 + 16*w**2 - w - 19. Calculate v(n).
-3
Suppose 0 = -26*u + 31*u + 2*r + 28, 2 = 2*r. Let x(j) = j**3 + 4*j**2 - 5*j + 3. Calculate x(u).
-39
Let c be ((-38)/12 + 3)/((-54)/81). Let d(m) be the first derivative of 6*m - 2 - 3*m**2 + 2*m**3 - c*m**4. What is d(5)?
1
Let o(s) be the third derivative of -s**5/20 - 17*s**4/24 + 5*s**3/3 - 43*s**2 + 6*s. Determine o(-6).
4
Let m(b) = -58*b + 238. Let s(d) = 11*d - 45. Let k(w) = -4*m(w) - 21*s(w). Let l = 7 + -2. Give k(l).
-2
Let v(j) = 2*j**3 + 12*j**2 - j + 1. Let u(y) = 12*y**3 + 51*y**2 - 28*y + 26. Let b(s) = u(s) - 5*v(s). Determine b(6).
-9
Suppose -263 = 21*h - 11. Let n(b) = -b**3 - 12*b**2 - 7. Let z be n(h). Let r(a) = -2*a**3 + 6*a**2 + 0*a**2 - 6*a + 3*a**3 + 6. Give r(z).
-1
Suppose 2*h - 36 = 4*u, 74 = -5*h + 2*u + 188. Let m be -3*((-140)/h)/(-5)*-2. Let k(t) = 5 - 5 + 3 + 1 + m*t. Determine k(-3).
-17
Let i(s) be the second derivative of 0 + 58*s - 1/6*s**3 + 11/2*s**2 + 0*s**4 + 1/20*s**5. Calculate i(0).
11
Let q(t) = t + 6. Let k be q(-8). Let x = -5 - k. Let g(f) = 0 + 5*f + 2 - 4. What is g(x)?
-17
Let v be (-9373)/(-1560) - 2*3. Let n(y) be the third derivative of 1/10*y**5 - 1/4*y**4 + 0 + 11*y**2 + 5/6*y**3 + 0*y + v*y**6. Calculate n(-7).
-2
Let z(x) be the third derivative of x**4/4 + 151*x**3/6 - 2326*x**2. Calculate z(-25).
1
Let t(k) = -k - 9. Let v(i) = 2*i - 68. Let p be v(-9). Let m be p/11 + 8/(-44). What is t(m)?
-1
Let t(y) = -6*y - 6. Suppose -101*u + 53*u = -54*u. What is t(u)?
-6
Let i(r) = -19*r - 56*r**2 + 13 - 6*r**3 - 3*r**3 - 7*r**3 + 15*r**3 + 44*r**2. Give i(-10).
3
Let k(p) = -6*p**2 + 62*p - 13. Let m(c) = 2*c**2 - 21*c + 7. Let h(i) = 2*k(i) + 7*m(i). What is h(10)?
-7
Suppose 0 = -3*r + p + 38, -5*p + 7 - 15 = -2*r. Let i(v) = v + r*v**2 - 5*v**2 - 8*v**2 - 3*v. Give i(2).
0
Let t = 8267 - 8271. Let w(u) = -2*u**3 - 4*u**2 + 4*u. Give w(t).
48
Let n = 24 - 20. Suppose 14*r - 15*r + n = 0. Let s(w) = -w**2 - w + 5. Give s(r).
-15
Suppose w + 73 = -4*t + 78, w = -t + 5. Let a(f) = -f**2 + 6*f + 139. Give a(t).
139
Let b(u) be the first derivative of 3*u**2 - 5/6*u**3 - 1/4*u**4 - 7 + 1/20*u**5 - 19*u. Let n(i) be the first derivative of b(i). Give n(4).
2
Let o(j) = -2*j**2 + 3 + 3*j - 3 - 1. Let z = -625 + -319. Let g = z + 946. What is o(g)?
-3
Let z(s) = 121*s - 388*s + 124*s - 2 + 9 + 132*s. Give z(6).
-59
Let d(t) = -8*t**2 - t. Let c = 216 - 224. Let f(b) = -b**2 - 8*b - 1. Let l be f(c). Determine d(l).
-7
Let f be 6 - (-4)/((-12)/21). Let s(r) = 9*r + 1. Let a(l) = -51*l - 8. Let t(y) = a(y) + 6*s(y). What is t(f)?
-5
Let u = 4239 + -4227. Let o(v) = v + 8. Determine o(u).
20
Let o(h) = 2*h - 6. Let s be 19/(-2)*(32 - 4/(-2)). Let x = 328 + s. Give o(x).
4
Let h(u) be the second derivative of -3 + 0*u**3 + 0*u**2 + 1/12*u**4 - 5*u. Calculate h(3).
9
Let t(u) = 10*u - 47. Let x(l) = 6*l - 25. Let o(k) = 6*t(k) - 11*x(k). Suppose -41*j = 53 + 152. Give o(j).
23
Suppose -k + 2*q = -231, -249 = -k - 124*q + 120*q. Let a = k - 237. Let z(v) be the third derivative of -v**5/60 + v**3/3 - v**2. Determine z(a).
2
Let l(j) = -j**2 - 16*j - 38. Suppose 966*r - 968*r - 6 = 0. Give l(r).
1
Let t be 14 - 12 - (-2 + 2). Let h(a) = 2 - 2 + a**3 + 74*a**t - 75*a**2 + a + 1. What is h(2)?
7
Let m(z) = 133*z**2 - 56*z - 70. Let s(n) = -47*n**2 + 19*n + 23. Let a(y) = 6*m(y) + 17*s(y). Give a(-13).
-29
Let j(n) = n - 1. Let f(y) be the first derivative of -y**4/4 - 3*y**3 + y**2 + 20*y - 22. Let o be f(-9). Calculate j(o).
1
Let f = 209 - 209. Let h(c) = c**2 - 5*c + 6. Let y be h(4). Let p(n) = 10*n**y - 9*n**2 + n + 5 - 7. Calculate p(f).
-2
Let m = -2894 + 2897. Let g(v) be the third derivative of 1/120*v**6 + 1/24*v**4 - 3/20*v**5 - 2*v**m - 15*v**2 + 0 + 0*v. Give g(9).
-3
Let y(w) = -2*w + 4. Let f = -51 + 35. Let t = 3905 + -3926. Let s = t - f. Determine y(s).
14
Suppose 5*f = -3*i - 80, 0*f + 3*i - 64 = 4*f. Let h = f + 25. Let w(d) be the first derivative of -d**4/4 + 10*d**3/3 - 11*d**2/2 + 11*d + 823. Calculate w(h).
-7
Let i(v) = -655*v - 667*v + 1320*v + 40*v**2 - 84 - 17 + v**3. What is i(-40)?
-21
Let x(y) = -5168*y**2 + y + y**3 + 5159*y**2 - 11*y. What is x(10)?
0
Let t(s) be the first derivative of 13*s**2/2 + 44*s + 2370. What is t(-3)?
5
Let m(j) = -590*j**2 - 208*j + 104. Let v(r) = 38*r**2 + 14*r - 7. Let q(i) = 2*m(i) + 31*v(i). Determine q(7).
19
Let w(g) be the first derivative of g**3/3 + 12*g - 235. Let h(o) = -o + 6. Let y be h(6). Determine w(y).
12
Let k(s) = -2*s**3 + 43*s**2 + 28*s - 15. Let a be k(-1). Let q(u) = -44*u - 6. Calculate q(a).
-94
Let v(h) = -6*h - 22. Let w be v(-4). Let b(g) = 4*g**2 - 5*g**w - 4586 + 4589 - g. Calculate b(-4).
-9
Let u = -26884 - -26890. Suppose t + 5*y + 4 = -2*t, -2*t - 1 = 3*y. Let g(s) = -t*s + 2 + 0 + s**2 + 6. Calculate g(u).
2
Let s(b) = b**3 - 23*b**2 + 28*b - 140. Let k be 5/20 - (-23)/(1288/1218). What is s(k)?
-8
Let j be 10/(-2)*2/(-5). Let p(r) be the second derivative of 0 - 1/20*r**5 + 30*r + 1/3*r**4 - 1/2*r**3 + 3/2*r**2. Calculate p(j).
5
Let f be (44 - (17 + 2))*1. Let x(j) = j**2 - 19*j - 150. Calculate x(f).
0
Suppose -5*u - 2 = 8. Let m be (-2)/10 - 276/(-30). Let l be 2*(u - m/(-2)). Let i(x) = -x**3 + 6*x**2 - 4*x. Give i(l).
5
Let f(v) = -20*v + 2 + 26*v - 5*v. Let l be 348/(-18) - 4/6. Let y = -15 - l. What is f(y)?
7
Let h(b) = b**2 - 5*b + 7. Let n = 32 - 17. Suppose 160 = n*x - 5*x. Suppose 2*u = 2*y + x, 4*y + 4 = -5*u + 17. Calculate h(u).
7
Suppose 2*t - 4*t - 22 = 0. Let u(a) be the third derivative of a**6/120 + 11*a**5/60 - a**4/12 - 7*a**3/3 - 6907*a**2. Determine u(t).
8
Let s(b) = -b**2 - 21*b - 26. Let x be -21*(60/35)/(-3)*4/(-3). What is s(x)?
54
Let o(h) be the third derivative of h**6/60 - 13*h**5/30 - h**4/12 + 17*h**3/6 + 1158*h**2. What is o(13)?
-9
Let h(a) = -20*a**3 + a**2 - 2*a + 1. Suppose 6*u - 6*u - 7 = -7*u. Calculate h(u).
-20
Let n(a) be the first derivative of -6*a + 1/4*a**4 + 10/3*a**3 + 4*a**2 + 101. What is n(-9)?
3
Let l = 1481 + -8885/6. Let y(m) be the third derivative of -1/60*m**5 - 7/24*m**4 + l*m**3 + 0 + 14*m**2 + 0*m. Determine y(-6).
7
Let p = 1045 + -1717. Let r = p + 672. Let q(t) be the third derivative of -t**4/24 - 17*t**3/6 - 2*t**2. Calculate q(r).
-17
Let t(d) = d**3 + 8*d**2 + 6*d + 45. Suppose 0 = 8*n - 69 + 133. Let r be t(n). Let w(v) = v**3 - v**2 - 2*v. Determine w(r).
-30
Let o(b) = -10*b**2 + 54*b - 270. Let h(a) = a**2 - 6*a + 30. Let v(p) = 19*h(p) + 2*o(p). Determine v(-6).
30
Let t(m) = -5562 + 2812 - m + 2*m**2 + 2828. Give t(0).
78
Let p be (0 - -3)*(-1 - 1 - 0). Suppose -4*w = -54 - 54. Let s(o) = 28*o**3 - w*o**3 - 1 + 5*o**2 - 4*o - 4 - 2. Give s(p).
-19
Let u be (2 - (-52)/(-28))*7. Let r(b) be the first derivative of 9*b**3 - b**2/2 + b - 59. Determine r(u).
27
Let i(p) = -5*p + 7. Let b(x) = 2*x**2 - 23*x - 5. Let g be b(18). Let m = 232 - g. Determine i(m).
-8
Let w(v) be the first derivative of -v**3/3 - 27*v - 9. Suppose -5*i = 11*i. Give w(i).
-27
Let q = -25 + 15. Let j(y) = 9*y**3 + 11*y**2 - 32. Let h(u) = -2*u**3 + 2*u + 5. Let f(z) = -4*h(z) - j(z). Calculate f(q).
-8
Suppose 5*q - 6*b + 9*b = 68, 44 = 5*q - b. Let s(d) = d**2 - d - 22. Determine s(q).
68
Let f(w) = w**2 - 3. Let j be f(3). Suppose 13*r = -8 + 21. Let a(l) = -2 + 48*l - 97*l - r + 48*l. What is a(j)?
-9
Let c(g) = g**2 - 7*g + 8. Let d(w) be the second derivative of -1/2*w**3 + 0 + 19/2*w**2 + 2*w. Let y be d(4). Calculate c(y).
8
Let f(y) = 5*y + 1. Let j be -731*1/9 + 4/18. Let p be ((-54)/j)/(4/6). What is f(p)?
6
Let w(g) be the third derivative of -3*g**4/8 + 17*g**3/6 - 77*g**2 - g - 12. What is w(5)?
-28
Let b(v